 factor of 259848 and 91572360?
9624
What is the greatest common divisor of 8587826 and 26?
26
Calculate the greatest common factor of 3792021 and 194.
97
What is the greatest common divisor of 194501 and 12564184?
2903
What is the highest common divisor of 126 and 142344414?
18
What is the highest common factor of 1763 and 438741?
41
What is the highest common factor of 2137469 and 1799?
257
What is the greatest common divisor of 10036130 and 52?
26
What is the greatest common factor of 41220 and 2050740?
180
Calculate the greatest common divisor of 14 and 67244.
2
What is the highest common factor of 21100 and 129300?
100
Calculate the highest common factor of 980 and 28316.
4
Calculate the highest common factor of 37927 and 2465.
17
Calculate the greatest common divisor of 7338729 and 31719.
291
What is the highest common factor of 503 and 4479?
1
Calculate the highest common divisor of 14315 and 53579.
409
Calculate the highest common divisor of 403 and 485173.
13
Calculate the highest common factor of 52352 and 8975096.
3272
What is the greatest common factor of 25389392 and 112?
112
Calculate the greatest common factor of 153 and 4553943.
51
Calculate the highest common divisor of 50 and 32931525.
25
Calculate the greatest common divisor of 6 and 160066.
2
What is the highest common divisor of 480 and 2021456?
16
What is the highest common divisor of 10731455 and 6923?
161
Calculate the greatest common divisor of 1806 and 10353273.
21
What is the greatest common factor of 165 and 5375645?
55
Calculate the highest common factor of 87075 and 30229.
43
What is the greatest common factor of 1681409 and 190092?
2263
What is the greatest common divisor of 4816 and 32627798?
602
What is the highest common factor of 364 and 626344537?
91
Calculate the greatest common divisor of 377225628 and 6682.
6682
What is the highest common divisor of 133 and 6181?
7
What is the greatest common divisor of 23040 and 15786240?
3840
What is the highest common factor of 177 and 166968?
3
Calculate the greatest common divisor of 30430358 and 2506.
2506
Calculate the greatest common divisor of 9000507 and 2932.
733
What is the greatest common factor of 585 and 503026200?
45
Calculate the greatest common factor of 4711 and 2225611.
673
Calculate the greatest common divisor of 10 and 512682600.
10
Calculate the greatest common divisor of 104 and 46783269.
13
What is the greatest common factor of 1662 and 19552876?
554
What is the highest common divisor of 779722248 and 6?
6
What is the highest common factor of 50 and 134532850?
50
Calculate the greatest common factor of 145 and 410611.
29
What is the highest common divisor of 1340765 and 135?
5
Calculate the greatest common factor of 808272 and 8208.
432
What is the highest common factor of 496425232 and 32?
16
Calculate the highest common divisor of 189370 and 185.
5
What is the highest common divisor of 12470 and 2171810?
290
Calculate the highest common factor of 37168 and 10437340.
404
Calculate the greatest common factor of 269991 and 1441917.
1179
Calculate the greatest common factor of 2574681758 and 44.
22
Calculate the highest common factor of 637 and 38420109.
91
Calculate the highest common divisor of 512580 and 4260.
60
Calculate the highest common divisor of 12 and 13896156.
12
What is the greatest common divisor of 2743601 and 2415?
161
What is the greatest common divisor of 4217818 and 128614?
1202
What is the greatest common factor of 1065749 and 14417?
1109
What is the greatest common factor of 52560 and 426480?
240
What is the greatest common divisor of 161050590 and 210?
30
What is the greatest common factor of 10 and 53526770?
10
What is the greatest common factor of 192 and 11696448?
192
Calculate the highest common factor of 50619 and 472803.
1077
What is the greatest common divisor of 20 and 29419420?
20
What is the highest common divisor of 93 and 2519556?
93
Calculate the highest common factor of 66759 and 884884.
1309
What is the highest common divisor of 107385021 and 1687?
241
Calculate the greatest common factor of 831 and 972495201.
831
Calculate the greatest common divisor of 6635538 and 364.
182
Calculate the highest common factor of 3268 and 159448.
76
Calculate the greatest common divisor of 5741328 and 48.
48
What is the highest common factor of 29837995 and 121?
121
What is the greatest common factor of 24 and 502072360?
8
What is the greatest common factor of 5016 and 12333?
3
Calculate the greatest common divisor of 861820069 and 209.
209
Calculate the highest common factor of 1381958 and 36.
2
Calculate the greatest common factor of 7587 and 3241431.
27
Calculate the greatest common divisor of 580398 and 79989.
273
Calculate the greatest common divisor of 2441410 and 690.
10
What is the highest common divisor of 180983672 and 56?
8
What is the highest common factor of 4256 and 23357600?
224
Calculate the highest common factor of 47050 and 1139551.
941
What is the highest common divisor of 2608 and 7420412?
652
What is the highest common factor of 11 and 1233047?
1
Calculate the highest common factor of 124801699 and 1915.
383
Calculate the highest common divisor of 14817027 and 9564.
2391
What is the greatest common divisor of 5195817 and 36?
9
Calculate the highest common factor of 96 and 141646496.
32
Calculate the greatest common divisor of 15575 and 10965675.
175
Calculate the greatest common factor of 28 and 252468.
4
What is the greatest common divisor of 51811228 and 4?
4
What is the highest common factor of 159366 and 14394?
6
What is the greatest common divisor of 1076363 and 2462630?
2767
What is the greatest common divisor of 536005 and 1510?
5
Calculate the greatest common divisor of 2449 and 702460.
31
What is the highest common divisor of 483050904 and 168?
168
Calculate the greatest common divisor of 21 and 378336917.
7
What is the highest common factor of 4438 and 5489489?
317
Calculate the highest common factor of 1976805 and 37421.
1627
Calculate the highest common divisor of 36 and 237242439.
9
Calculate the greatest common factor of 2186268 and 374.
34
Calculate the greatest common factor of 254 and 6530086.
254
What is the greatest common factor of 111565949 and 77671?
3377
What is the highest common divisor of 11196 and 4757367?
933
Calculate the greatest common factor of 100 and 39193900.
100
Calculate the highest common divisor of 34 and 31232842.
34
Calculate the greatest common factor of 23621 and 7358850.
1817
Calculate the highest common factor of 123443 and 12155887.
6497
Calculate the greatest common factor of 21754281 and 186.
93
What is the highest common divisor of 637665 and 840?
105
Calculate the greatest common factor of 1298272506 and 2333.
2333
What is the highest common factor of 6195 and 221958177?
1239
Calculate the greatest common factor of 535500 and 134820.
1260
Calculate the highest common factor of 9387 and 45239976.
1341
What is the greatest common factor of 4496 and 333774048?
4496
What is the greatest common divisor of 897 and 535873?
13
Calculate the highest common factor of 435750198 and 26.
26
What is the highest common divisor of 17092 and 1?
1
Calculate the greatest common factor of 3277 and 254069.
29
What is the highest common divisor of 6 and 74774?
2
Calculate the highest common factor of 38 and 990153878.
38
Calculate the greatest common factor of 10700920 and 72.
8
Calculate the highest common divisor of 56 and 8287580.
28
What is the highest common divisor of 42487767 and 1722?
861
What is the greatest common divisor of 2135 and 1081815?
35
Calculate the highest common factor of 189392 and 2047.
89
What is the highest common divisor of 4222611 and 729?
243
What is the highest common divisor of 1348 and 34068341?
337
Calculate the highest common divisor of 174 and 275907102.
174
What is the highest common divisor of 37215 and 252909005?
4135
What is the greatest common divisor of 4639768 and 427?
7
Calculate the highest common divisor of 4182 and 39667254.
246
Calculate the highest common factor of 24 and 71582088.
24
Calculate the highest common divisor of 244835 and 14375.
115
Calculate the highest common divisor of 2640 and 3845640.
120
What is the highest common divisor of 251 and 22936631?
251
What is the hi